100
In base 3, what is 1000 + -112?
111
In base 13, what is 6b9 + 1?
6ba
In base 3, what is -1 + -2021022?
-2021100
In base 14, what is -6b7d + 2?
-6b7b
In base 11, what is -31 + -177?
-1a8
In base 2, what is 10 - 10011010000?
-10011001110
In base 6, what is -1011 + 5?
-1002
In base 16, what is -1 - -1b8?
1b7
In base 10, what is 42 - -15?
57
In base 4, what is 2111033 + -1?
2111032
In base 13, what is 1623 + 2?
1625
In base 2, what is -101000 - -10000?
-11000
In base 11, what is 9a17 - 0?
9a17
In base 9, what is -8 - 678?
-687
In base 7, what is -1 - -33?
32
In base 6, what is -1 + 15505?
15504
In base 6, what is -40 + -40?
-120
In base 4, what is 0 + 1323?
1323
In base 8, what is -61 + -34?
-115
In base 6, what is -15 + -24?
-43
In base 13, what is -591 - 4?
-595
In base 5, what is 114 - 3?
111
In base 4, what is -10 + -30?
-100
In base 6, what is -332 - -2?
-330
In base 12, what is 2 + 444?
446
In base 3, what is 22 - 1001?
-202
In base 12, what is 21 - -2?
23
In base 8, what is -44 + -24?
-70
In base 12, what is -6 - 1b?
-25
In base 7, what is 2 + 1226?
1231
In base 7, what is 6 - 416?
-410
In base 3, what is 1002 + -102?
200
In base 7, what is 6 - -240?
246
In base 9, what is 37 - -5?
43
In base 9, what is 30 - 108?
-68
In base 10, what is -4 - 1749?
-1753
In base 9, what is 226 + 60?
286
In base 9, what is -63243 + 4?
-63238
In base 16, what is 5 - 45?
-40
In base 9, what is 0 + -555?
-555
In base 2, what is 100000111100010 + -100?
100000111011110
In base 11, what is -483 - 4?
-487
In base 2, what is 101 + 100000001?
100000110
In base 7, what is 0 + -632?
-632
In base 10, what is -3 - -21?
18
In base 6, what is 10441 - 1?
10440
In base 4, what is -2212023 - 10?
-2212033
In base 12, what is -189 - -1?
-188
In base 14, what is 95 - -5?
9a
In base 2, what is 11101111 - 0?
11101111
In base 11, what is -4 + 649?
645
In base 2, what is 10 + -1111000000?
-1110111110
In base 5, what is 3 + 243?
301
In base 14, what is -3284 + 4?
-3280
In base 6, what is -5331 + -5?
-5340
In base 9, what is 2 - -58?
61
In base 4, what is -130331 - 13?
-131010
In base 6, what is -20102 + -5?
-20111
In base 10, what is 250 - -42?
292
In base 12, what is 462 - -6?
468
In base 3, what is 20 + -120211?
-120121
In base 10, what is -4 + 232?
228
In base 7, what is -3 - 6253?
-6256
In base 4, what is -20301 - 1?
-20302
In base 7, what is -14220 - 1?
-14221
In base 9, what is -4 + -1638?
-1643
In base 11, what is -57 + 6?
-51
In base 13, what is -7 + 191b?
1914
In base 6, what is -241 - -40?
-201
In base 5, what is -203 - 2?
-210
In base 8, what is -4 - -132?
126
In base 10, what is -1528 + -5?
-1533
In base 8, what is 7 + 160?
167
In base 15, what is -1 + -20?
-21
In base 6, what is 114 - 1?
113
In base 11, what is 8 + 79?
86
In base 4, what is 0 + -133211?
-133211
In base 11, what is -184 - -5?
-17a
In base 12, what is -15 + 1?
-14
In base 2, what is -1001110000 - 1?
-1001110001
In base 11, what is -107 + -59?
-165
In base 7, what is -21 - 353?
-404
In base 13, what is -26 + -5b?
-84
In base 6, what is 5 + -4525?
-4520
In base 10, what is -8 + 349?
341
In base 6, what is 15 - -13?
32
In base 3, what is -12 + -11002221?
-11010010
In base 8, what is 0 + -12?
-12
In base 8, what is 567 + -1?
566
In base 2, what is 10011001 - -10?
10011011
In base 4, what is -2 + -1021111?
-1021113
In base 3, what is -1010112 - 1?
-1010120
In base 5, what is 434 - -11?
1000
In base 6, what is 3 + -100413?
-100410
In base 5, what is -1 - -143441?
143440
In base 5, what is 323 - -220?
1043
In base 4, what is -11003 - -11?
-10332
In base 3, what is 101101 + 11?
101112
In base 7, what is -4 - -6160?
6153
In base 4, what is -13 - -3?
-10
In base 9, what is 82 + 137?
230
In base 13, what is -10 - 47?
-57
In base 15, what is a + 712?
71c
In base 9, what is -67 - 0?
-67
In base 11, what is -5 - 42?
-47
In base 16, what is -143 - 2b?
-16e
In base 9, what is -1 + -2638?
-2640
In base 15, what is 1864 - 2?
1862
In base 16, what is -cc3 - 1?
-cc4
In base 2, what is 1000110 - -111111?
10000101
In base 15, what is 18 + -9?
e
In base 13, what is -a - -13a?
130
In base 6, what is 12 - 11320?
-11304
In base 13, what is 1 + -19?
-18
In base 2, what is -110 - 101110100100?
-101110101010
In base 12, what is -2396 - 3?
-2399
In base 13, what is 1 - -103?
104
In base 10, what is 3 + 1618?
1621
In base 11, what is -173 - -113?
-60
In base 7, what is 41 + -4?
34
In base 16, what is -6 - -79?
73
In base 15, what is c26 + 2?
c28
In base 13, what is -47 - 2?
-49
In base 8, what is -1046 + 3?
-1043
In base 13, what is 57a - 0?
57a
In base 14, what is dab - -7?
db4
In base 13, what is 140 - 2?
13b
In base 15, what is 1 + -40?
-3e
In base 14, what is 1 + -c?
-b
In base 14, what is -4 - 19?
-1d
In base 5, what is -2 - -341?
334
In base 4, what is 121 + 3?
130
In base 11, what is -4496 + 4?
-4492
In base 11, what is 33 - -7?
3a
In base 5, what is 1401313 - -4?
1401322
In base 2, what is -10 + -11001101000?
-11001101010
In base 4, what is 11 - -30?
101
In base 3, what is 11 - -122?
210
In base 9, what is 12 + -38?
-26
In base 8, what is -267 + 12?
-255
In base 13, what is 54 - 1?
53
In base 10, what is -2425 - 2?
-2427
In base 2, what is 10000011 + 110010?
10110101
In base 14, what is 336 - -13?
349
In base 2, what is -10 + 111011?
111001
In base 10, what is -6 - -17?
11
In base 5, what is 21 + 100?
121
In base 7, what is 13 + -34?
-21
In base 9, what is 10871 + 4?
10875
In base 10, what is 359 - -1?
360
In base 5, what is -10 + -132?
-142
In base 9, what is -230 - -1?
-228
In base 4, what is -1201 + -20?
-1221
In base 7, what is 31 + -13?
15
In base 15, what is 1e - -105?
124
In base 16, what is 15 - 2?
13
In base 3, what is -120112 - 0?
-120112
In base 14, what is -3 - -1b9?
1b6
In base 2, what is 111001101000 - -11?
111001101011
In base 16, what is -331 - -2?
-32f
In base 9, what is -2 + -180?
-182
In base 9, what is -205 + 2?
-203
In base 16, what is -24f - 4?
-253
In base 15, what is 6be + -2?
6bc
In base 16, what is 1ed - -4?
1f1
In base 5, what is -20031 - 12?
-20043
In base 11, what is 91a + 3?
922
In base 4, what is -12 - -1310?
1232
In base 4, what is -10 + 12100?
12030
In base 4, what is 10023 + -23?
10000
In base 16, what is 1cc - -d?
1d9
In base 12, what is -129a - -1?
-1299
In base 13, what is 1 - -107?
108
In base 15, what is 1a8b + -4?
1a87
In base 14, what is -16 - 15?
-2b
In base 5, what is -1210 + -3?
-1213
In base 5, what is 4 + 130434?
130443
In base 7, what is 555 + 5?
563
In base 4, what is -130 + 101?
-23
In base 11, what is -212 + -10?
-222
In base 14, what is 2 - 389?
-387
In base 10, what is 17 - 185?
-168
In base 15, what is 4b - 1?
4a
In base 14, what is 2d9 - 6?
2d3
In base 15, what is -3b1 - 1c?
-3cd
In base 3, what is 22 - -110?
202
In base 15, what is 3 - -18?
1b
In base 9, what is 7 + -3?
4
In base 2, what is -10 - -1101110?
1101100
In base 7, what is -64 + -31?
-125
In base 3, what is -2112 - 11?
-2200
In base 12, what is 2318 + 5?
2321
In base 2, what is 1110111 + -1010110?
100001
In base 9, what is -3 + -115?
-118
In base 14, what is -14b + 0?
-14b
In base 14, what is -157 + 14?
-143
In base 7, what is 54 + -24?
30
In base 3, what is 1100110 - -2?
1100112
In base 8, what is 174 - 1?
173
In base 5, what is 2332 - -4?
2341
In base 11, what is 1355 - -4?
1359
In base 15, what is -72 + 1?
-71
In base 12, what is ba - 3?
b7
In base 8, what is -146 + -24?
-172
In base 4, what is 0 + -320111?
-320111
In base 10, what is 608 - -5?
613
In base 7, what is 25 - -146?
204
In base 12, what is 188 - -4?
190
In base 15, what is -b - -8?
-3
In base 8, what is 3 - 165?
-162
In base 10, what is 3529 - -2?
3531
In base 15, what is 3a0 + 5?
3a5
In base 3, what is -1 + 2?
1
In base 11, what is -430 + 1?
-42a
In base 6, what is -1135 + 124?
-1011
In base 10, what is -16 + -14?
-30
In base 3, what is 1021121 - -112?
1022010
In base 4, what is 2 - 22232?
-22230
In base 4, what is 12 + 31332?
32010
In base 9, what is 8670 + 1?
8671
In base 3, what is -110 - 102?
-212
In base 6, what is 50011 - -1?
50012
In base 2, what is 1100001 - 11?
1011110
In base 5, what is 21 + -23?
-2
In base 12, what is -29 + a?
-1b
In base 7, what is 42 - -22?
64
In base 14, what is -ac9 - -1?
-ac8
In base 7, what is -524 - 4?
-531